*m. Suppose z*f - 6*t + m*t - 100 = 0, 5*t - 78 = -2*f. What are the prime factors of f?
29
Let g = 150 + -101. Let j = -45 + g. What are the prime factors of j?
2
Suppose 8 = -s + 4*o, -4*o + 29 = 3*s + 5. Suppose 0 = -s*v + 336 - 108. What are the prime factors of v?
3, 19
Let l(d) = -d + 24. Suppose 0 = -4*a + 2*a + 20. Let r be l(a). Suppose 0 = 4*b - r - 2. List the prime factors of b.
2
Let z(v) = 423*v**3 + 2*v**2 - v. Let k be z(1). Suppose -542 = -5*q - r, 4*q = -0*q - 4*r + k. Suppose -5*t + 51 = -q. List the prime factors of t.
2
Suppose -4*s = -5*j - 1540, -s - 2*j + 231 + 154 = 0. What are the prime factors of s?
5, 7, 11
Let z be (0 + (-2)/4)*0. Suppose z = 6*v - 2*v - 280. What are the prime factors of v?
2, 5, 7
Let h = -47 + 47. Suppose -10*i + 8*i + 118 = h. What are the prime factors of i?
59
Suppose -5*u = 4*c + 12 - 28, -4*c + 16 = 3*u. Let s be u/(2*(-3)/2). Suppose 3*d + s - 6 = 0. What are the prime factors of d?
2
Let w(j) = -j**3 - 2*j**2 + 2*j - 41. Let d(o) = -o**2 + o. Let l(s) = 2*d(s) - w(s). Suppose g = 0, 0 = b + 2*b + 4*g. List the prime factors of l(b).
41
Let u(h) be the first derivative of -h**4/4 + 14*h**3/3 - 9*h**2/2 + 3*h + 5. What are the prime factors of u(7)?
283
Let a = 1107 - 93. Suppose -240 - a = -11*d. What are the prime factors of d?
2, 3, 19
Let g(u) = 7*u**2 - 11*u - 4. Suppose x = 1 + 4. Let h(d) = 6*d**2 - 11*d - 4. Let y(v) = x*g(v) - 6*h(v). What are the prime factors of y(5)?
2, 17
Suppose 16 = -5*x + 4*m, -5*x = 3*m - 4*m + 4. Let q be (76/1)/(1 - x). Suppose -70 = -3*s - 5*v, -16 = 3*s + 3*v - q. What are the prime factors of s?
3, 5
Suppose 0 = -2*k - 2*c + 2334, 3*c = 5*k + c - 5835. What are the prime factors of k?
3, 389
Suppose -107*c + 116*c = 17748. What are the prime factors of c?
2, 17, 29
Let m = 10 + -4. Let p(j) = j**3 + 6*j**2 + 5*j + 9. Let k be p(-5). Suppose 0 = -n + m + k. List the prime factors of n.
3, 5
Let k(o) = 33*o**3 - o**2. Let c(i) = 4*i + 17. Let v be c(-8). Let f = -14 - v. What are the prime factors of k(f)?
2
Let g(h) = 6*h**2 - 1. Suppose 3*y - 389 = 40. Let k be (-40)/22 + (-26)/y. List the prime factors of g(k).
23
Let p(m) = m**3 + 5*m**2 + 3*m. Let j be p(-4). Suppose -4*h - 4*t + 152 = 0, -h - j*t + 5*t + 46 = 0. What are the prime factors of h/(-4 - -1 - -5)?
3, 7
Suppose -9*d = -11*d + 2. Let f(i) = 148*i**2 + 6*i - 7. What are the prime factors of f(d)?
3, 7
Let y be 1/(-14)*6 - (-4)/(-7). What are the prime factors of y/(-3 + (-156)/153 + 4)?
3, 17
Let y(u) = -u**3 - 20*u**2 + 21*u. Let t be y(-21). Suppose t = -20*d + 4*d + 976. List the prime factors of d.
61
Suppose -9023 - 1403 = -13*f. List the prime factors of f.
2, 401
Let i(f) = 9*f**2 + 1. Let x be i(-3). Let m = 65 + x. What are the prime factors of m?
3, 7
Suppose -1 = p - a + 3*a, -5*a - 10 = 0. Suppose -2*c - 19 - 27 = p*f, 3*c + 91 = f. Let x = -15 - c. What are the prime factors of x?
2, 7
Let p(d) = 2*d**3 - 8*d**2 - 3. Let h be p(6). Suppose 8 = 2*k, 5*x + k - 388 = h. List the prime factors of x.
3, 5, 7
List the prime factors of 2 + (145 - (4 - (-2 + 5))).
2, 73
What are the prime factors of 97*(-1)/(-3)*(-1620)/(-54)?
2, 5, 97
What are the prime factors of 89 + -84 + 1/1*775?
2, 3, 5, 13
Let d(o) = -2154*o - 9. List the prime factors of d(-2).
3, 1433
Suppose -2*v + 6*v + 8 = 0. Let q(r) = r**2 - r - 2. What are the prime factors of q(v)?
2
Suppose -4*r = -18*r + 98. List the prime factors of r.
7
Let b be (-7 - (-4 - 1)) + 9. Suppose b*q - 276 = q. What are the prime factors of q?
2, 23
Let w = -208 - -477. List the prime factors of w.
269
Let u = 101 + 411. What are the prime factors of u?
2
Let a(i) = -5*i**3 + i**2 + 17*i - 63. List the prime factors of a(-10).
31, 157
List the prime factors of (6 - (-42)/(-8)) + (-8031)/(-12).
2, 5, 67
Suppose 4*w - 9 + 1 = 0. Let p(b) = -6 + 1 + 1 + w*b. List the prime factors of p(8).
2, 3
Suppose 64 = 3*z + 2*u - 654, -3*u = -z + 232. What are the prime factors of z?
2, 7, 17
Let q = 2805 + -835. What are the prime factors of q?
2, 5, 197
Suppose 2*f + f + 36 = 0. Let v be -2*2*(-39)/f. Let h = v + 40. What are the prime factors of h?
3
Let g = 104 - 104. Suppose g = -2*o - 4*o + 1482. List the prime factors of o.
13, 19
Let g = 447 - 228. What are the prime factors of g?
3, 73
Suppose 0 = 3*h - b - 1445, 4*h - 2*h = -5*b + 952. What are the prime factors of h?
13, 37
Let x = -370 + 929. What are the prime factors of x?
13, 43
Let f(v) = 23*v - 7. Let j = -27 - -27. Let t be 3 - j/(-5 - -4). List the prime factors of f(t).
2, 31
Let q(m) = -1 + m + 2*m + 3 - 1. Let y = -16 - -19. What are the prime factors of q(y)?
2, 5
Let t(k) = 6*k**2 - 3*k - 9. Let s be t(7). Let b = s - 28. List the prime factors of b.
2, 59
Suppose 0*k - 138 = -2*k. Suppose 0 = 3*y - 3*t - 54, -4*y - 12 + k = -t. Suppose 11*z = y*z - 126. List the prime factors of z.
3, 7
Let q = 464 + -267. List the prime factors of q.
197
Suppose -3884 = -15*h + 5206. What are the prime factors of h?
2, 3, 101
Let o be 4/((-4)/(-2) - 0/(-8)). Suppose o*l - 55 = 127. What are the prime factors of l?
7, 13
Let z(m) = m**3 + 2*m**2 - 2*m + 7. Let c(j) = -1. Let w(v) = 3*c(v) + z(v). Let d(u) = -u + 1. Let i be d(-2). What are the prime factors of w(i)?
43
Let s be 1 + 1 + 1 + 1. Suppose -4*c = 2*v - 8, -6*c - s = -2*c - v. Let h(w) = w**2 + w + 62. What are the prime factors of h(c)?
2, 31
What are the prime factors of ((-1200)/(-70))/12*1001?
2, 5, 11, 13
Let x = 429 + 44. List the prime factors of x.
11, 43
Suppose -g = -3*u + 559 + 1395, 2*u - 1298 = -4*g. What are the prime factors of u?
3, 7, 31
Let l be 51/24 + 2/(-16). Suppose 0 = 2*y + 5*x - 29 - 11, -l*y = -5*x - 20. What are the prime factors of y?
3, 5
Suppose 0 = -11*l + 251 + 10441. List the prime factors of l.
2, 3
List the prime factors of 2248/2*4/16.
281
Let i(o) = -o**3 + 23*o**2 + 6*o - 53. List the prime factors of i(11).
5, 293
Let w be ((-3)/((-9)/78))/2. Suppose 68 = 19*r - 15*r. Suppose -w = -2*d + r. List the prime factors of d.
3, 5
Let s(d) = -d**2 + 5*d - 10. Let q be s(2). What are the prime factors of -3 + (201 - (-4)/q)?
197
Let r = -46 + 31. What are the prime factors of 339/2 - r/(-30)?
13
What are the prime factors of (18 - 15) + 0 + 6?
3
Let g = 239 + -41. List the prime factors of g.
2, 3, 11
Suppose 0 = 3*y - 4*q - 1294, 0 = -0*y + 5*y + 5*q - 2215. What are the prime factors of y?
2, 3, 73
Suppose -5*w + 2*z = 37, -5*w - 12 - 37 = z. Suppose -6*j + 3*j = 9. What are the prime factors of (-1 + 43)*j/w?
2, 7
Let u(f) = 5*f**2 + 5*f - 101. List the prime factors of u(8).
7, 37
Suppose 2*f - 2*i = 28, 3*i + 23 = f - i. Let k = 15 - f. Let x = k + 5. What are the prime factors of x?
3
Let j be (-284)/6*3/(-2). Let g = 132 - j. List the prime factors of g.
61
Let r(l) = 16*l**2 + 10*l + 21. List the prime factors of r(-4).
3, 79
Let c be -34 - ((-8)/4 - -4). Suppose 522 - 122 = -5*w. Let q = c - w. What are the prime factors of q?
2, 11
Suppose 3*p + 178 = -q, -2*p + 3*q + 11 = 137. Let r = 116 + p. What are the prime factors of r?
2, 7
What are the prime factors of (-2 - ((-13)/2 + 1))*110?
5, 7, 11
Suppose 4*h + b - 7 = 0, 12 = 5*h - 4*b - 2. Suppose 0 = -h*c + 5*c - 615. What are the prime factors of c?
5, 41
Let u = -7 - 0. Let h = u - -14. Suppose 0*z = z - h. List the prime factors of z.
7
Let q(d) = 110*d + 109. What are the prime factors of q(25)?
3, 953
Suppose -1468 = -4*m - o, 8*o - 7*o + 4 = 0. List the prime factors of m.
2, 23
Let o be (-5614)/(-42)*(1 - -2). Let m = o - 213. List the prime factors of m.
2, 47
Let l(b) = -3*b + 433 + b - 432 + 97*b**2. What are the prime factors of l(1)?
2, 3
Let c be (24/16)/((-2)/(-4)). Suppose c*o + 18 = 4*o. List the prime factors of 4/o - (-939)/27.
5, 7
Let v = 11 + -4. Let k(x) = -26*x**3 + v*x**3 + 0*x + x. List the prime factors of k(-1).
2, 3
Let k(f) = f**2 + 3*f + 3. Let s be k(-3). Suppose 4*p + p + 10 = 0. Let v = s - p. What are the prime factors of v?
5
Suppose 3*v + v + 3*t - 29 = 0, 4*t = -5*v + 37. List the prime factors of (-3)/v + -276*28/(-105).
73
Suppose -732 = 19*j - 7*j. Let y = j - -134. What are the prime factors of y?
73
Let f = 20811 - 14375. List the prime factors of f.
2, 1609
Suppose -5*s = 5*v, -s - 3*s - 16 = 0.